 highest common divisor of 15 and s.
3
Let c(q) = 4*q**3 - 4*q**2 + 3*q + 2. Let n be c(2). What is the highest common divisor of n and 12?
12
Let x = -70 - -47. Let q be -3 + 3 + x/(-1). Suppose 0 = -f - 0*f + q. What is the highest common factor of f and 23?
23
Let p(i) = i**2 - 6*i + 6. Let d be p(4). Let m be 0 - 1 - (d + -1). Let v be (2/m)/((-1)/(-5)). Calculate the highest common divisor of 25 and v.
5
Let l(y) = 98*y - 21. Let x be l(3). Calculate the greatest common factor of x and 39.
39
Suppose -b - 4*u - 1 = -4, u = -5*b + 15. Let g = b - -19. Suppose g = 5*s - 4*x, 4*s + x + 1 = -2*x. What is the greatest common divisor of s and 8?
2
Let m(u) = u**3 + 6*u**2 + 8. Let z(v) = 2*v - 4. Let a be z(-7). Let i = a - -12. Let g be m(i). What is the greatest common divisor of 88 and g?
8
Let b(f) = f**2 + 9*f + 9. Let m be b(-8). What is the greatest common factor of m and 5?
1
Suppose 80 = 2*a - 28. Calculate the greatest common factor of a and 6.
6
Let q(t) = -t**3 - 7*t**2 - 7*t - 4. Let p be q(-6). Let v = 2 + p. Calculate the greatest common divisor of 44 and v.
4
Suppose 2*g = -3*g. Suppose g*n - 30 = -2*n. Suppose -y - n = -2*y. What is the highest common factor of 105 and y?
15
Let r(a) = -a**3 - a**2 - a + 110. Let f = 7 - 3. Suppose f*z = -z. Let c be r(z). Calculate the greatest common factor of c and 10.
10
Let t be 4/(-18) - (-362)/9. Let a = 7 + 13. What is the highest common divisor of t and a?
20
Let u be (30/(-12))/(1/(-8)). Calculate the highest common factor of u and 30.
10
Let k(u) = 4*u**2 - 2*u + 4. Let p be k(6). Calculate the highest common factor of p and 17.
17
Suppose z = -z + 6. Let t(x) = 4*x - 4. Let j be t(z). Calculate the greatest common factor of j and 88.
8
Let v = -24 + 50. What is the greatest common divisor of 39 and v?
13
Suppose -2 = -5*s + 13. Suppose -2*k - 38*k = -480. Calculate the greatest common divisor of s and k.
3
Let o be 485*(1 + 0 - 2). Let r be o/(-45) + (-4)/(-18). Let x = -40 - -95. What is the highest common divisor of r and x?
11
Let r be ((-3)/(-3))/((-2)/14). Let s = -1 - r. What is the greatest common factor of 6 and s?
6
Let f = 122 - 54. Suppose -3*h = -h - f. Suppose -3*x + x = 4*c - 22, -3*c = 5*x - h. What is the greatest common divisor of 20 and x?
5
Suppose -4*n - 12 = 0, -5*n - 267 = -5*u - n. Suppose 0 = -b + 3*b - 150. Let q = b - u. Calculate the highest common factor of q and 12.
12
Suppose 0 = -5*b + 427 + 28. What is the highest common factor of b and 13?
13
Suppose 29*x + 500 = 34*x. Calculate the greatest common divisor of 60 and x.
20
Let z = -17 - -31. Calculate the highest common divisor of 21 and z.
7
Let k(b) = b**3 - 2*b**2 - 5*b - 1. Let t = 10 - 6. Let h be k(t). Let l = 62 - 40. What is the highest common factor of h and l?
11
Let k = -4 - -6. Let x be 3 - (-8 + (0 - 3)). What is the greatest common factor of k and x?
2
Let n be (-90)/(-25) + (-2)/(-5). Suppose -f = n*f. Suppose -2*d - 5*w = -105, f*d + d - 42 = w. Calculate the highest common divisor of 9 and d.
9
Let s(z) = -z**3 - 5*z**2 + 5*z + 2. Let q be s(-6). Suppose 143 = 2*d - j, -5*d - 5*j + 77 = -4*d. What is the highest common divisor of q and d?
8
Suppose 4*c + 3*t = 131 + 265, 4*c - 4*t - 368 = 0. What is the greatest common factor of 12 and c?
12
Suppose -14 = -w - w - 2*f, -3*f = 0. What is the highest common factor of w and 7?
7
Let c = -2 + 13. Calculate the greatest common divisor of c and 99.
11
Let v be (-1 - -45)*(-2)/(-2). Calculate the highest common divisor of 4 and v.
4
Let v = 7 + -3. Suppose x = v*x - 96. Suppose 0 = -z + x. Calculate the greatest common factor of 16 and z.
16
Suppose 256 = 3*p - 2*p. What is the highest common factor of p and 32?
32
Suppose -16*a + 15*a = -121. Calculate the greatest common factor of a and 11.
11
Let p = 8 + -6. Let h be (p + 3 + -6)*-24. What is the greatest common divisor of 6 and h?
6
Suppose 118*y - 1710 = 112*y. What is the highest common factor of y and 15?
15
Let h = 6 + -7. Let v(c) = -6*c**3 - c**2. Let m be v(h). Calculate the highest common divisor of 25 and m.
5
Suppose -3*p + 6 = -3*a - 216, 0 = -3*p + 5*a + 226. What is the highest common divisor of p and 9?
9
Suppose -4*m = -18 - 2. Suppose 0 = -m*j + 5, a - 2*j = -j + 1. What is the highest common factor of 5 and a?
1
Let n be (4 - 2) + 18/(-1). Let z be (n/12)/(2/(-54)). Suppose 3*b - z = -0. Calculate the highest common divisor of b and 96.
12
Suppose -10 = -5*v - 4*p, 6 = 3*v + 4*p - 6*p. What is the highest common factor of v and 18?
2
Let s(p) = -p**3 + 5*p**2 - 3*p - 2. Let v be s(4). Calculate the highest common divisor of 20 and v.
2
Let p(z) = -2*z**2 + 50*z + 1. Let x be p(25). What is the highest common divisor of 4 and x?
1
Suppose -5*b - v + 1921 = 0, -2*b + v = -b - 389. Calculate the highest common factor of b and 35.
35
Suppose -g - 2*g - 12 = -5*n, -g = n - 4. Let o be 0 - 3 - -6 - 1. Suppose -n*q = o*c - 16, -3*q + 2 + 11 = 5*c. What is the highest common factor of 54 and q?
6
Let p = 45 - 21. Let j = -2 - 2. Let q = j + 10. Calculate the highest common factor of p and q.
6
Suppose -4*a + 27 = -5*a. Let q = 13 - a. What is the highest common divisor of q and 20?
20
Suppose -r + 8 + 4 = 5*l, -2*r - 18 = -4*l. Let w = l - 0. Suppose -w*f - f = -32. Calculate the greatest common factor of 16 and f.
8
Let g(a) = -3*a - 2. Let r be g(-2). Calculate the highest common divisor of 16 and r.
4
Suppose 12*x - 231 = 11*x. Suppose -3*i + 0*i = -x. Calculate the highest common divisor of i and 11.
11
Let a = 7 - -25. Let g be 5/((-10)/4) + a. Suppose 3*l - 10 + 1 = 0. Calculate the greatest common factor of g and l.
3
Suppose -5*c = -0*c + 110. Let o be 4/(-18) + c/(-18). Let n be (1 - -2) + 5*o. What is the highest common factor of n and 4?
4
Let t be ((-2)/(-6))/(2/12). Suppose -3*a = -t*l - 2*a + 343, -3*l + 516 = -3*a. What is the highest common divisor of l and 19?
19
Let q(j) = -j**3 - 8*j**2 + 9*j - 1. Let s be q(-9). Let l = s + 11. Calculate the greatest common divisor of l and 2.
2
Let b be ((-14)/(-8))/((-2)/8). Let u = b + 21. What is the greatest common factor of 112 and u?
14
Let z(j) = -j**3 + 7*j**2 + 6*j - 7. Let y be z(6). Suppose 2 + 3 = 5*d. Let r = 25 + d. What is the highest common divisor of y and r?
13
Suppose -b = 4*f - 24, 25 = -f + 4*f - b. Calculate the highest common divisor of f and 49.
7
Let i(c) = -c**3 - 11*c**2 - c + 7. Suppose -b - 4*b = -3*r - 38, -5*b + 49 = -4*r. Let u be i(r). Calculate the highest common factor of 198 and u.
18
Suppose -7*d = -2592 - 180. What is the highest common factor of 36 and d?
36
Suppose -2*n - 7 = -49. Calculate the highest common divisor of n and 6.
3
Suppose -g - 4*v = -13, 52 = 5*g - 5*v - 13. Suppose 1 = -d + g. What is the highest common factor of d and 2?
2
Suppose 7*w = 9*w - 6. Calculate the greatest common divisor of 27 and w.
3
Let n = 26 - 16. Calculate the highest common divisor of n and 70.
10
Let a = -29 - -25. Let m(v) = 3*v**2 + 3*v - 4. Let d be m(a). Calculate the greatest common factor of d and 16.
16
Suppose -5*p - 21 = -6*p. Suppose -24 - p = -d. Let b(x) = -16*x - 1. Let a be b(-1). What is the greatest common divisor of d and a?
15
Suppose 0 = -4*b - b + 30. Let z(a) = -a**3 + 6*a**2 + 7*a - 2. Let h be z(7). Let o = h - -4. What is the greatest common factor of b and o?
2
Let c(v) be the third derivative of v**5/60 + v**4/24 + v**3/3 - 2*v**2. Let i be c(0). Let t be i/(4/10) - 0. What is the highest common factor of t and 10?
5
Suppose 0 = 3*b - 9*b + 186. Calculate the highest common factor of 341 and b.
31
Let l(d) = -4*d + 1. Let i be l(1). Let y be (i/5)/(1/(-25)). What is the greatest common divisor of 3 and y?
3
Suppose -16 - 119 = -9*t. What is the greatest common factor of t and 10?
5
Let f be 442/4 + (-1)/2. Suppose v + 9 = 4*v. Suppose -31 = -v*c - 1. What is the greatest common factor of c and f?
10
Suppose -6*n = -3*n - 33. Let v = -40 + n. Let p = -5 - v. Calculate the greatest common divisor of 8 and p.
8
Let m(j) = 4*j + 1. Let c be m(1). Suppose 7 = -c*u + 27. Suppose -3*f = w - u, -2*w + 5*f = -3*w. Calculate the highest common factor of w and 80.
10
Let f be (-4)/((-8)/(-2)) - -28. What is the greatest common factor of f and 54?
27
Let w be ((0/(-3))/(-3))/(-3